f q?
2, 3, 11
Let u = 2188 - 909. What are the prime factors of u?
1279
Suppose -2*j - 5*g - 28 = -3*j, 0 = j + 2*g + 7. Suppose -5*l - b = -39 - 3, -j*b = 3*l - 18. What are the prime factors of l?
3
Suppose 0 = -3*r - h + 3069, 4*h + 1040 + 1006 = 2*r. Suppose 0 = -4*w - 3*q + r, 741 = -8*w + 11*w - 3*q. What are the prime factors of w?
2, 3, 7
Let a(v) = 35*v**2 + 19*v + 85. What are the prime factors of a(-12)?
59, 83
Let v be (9/(-6))/((-6)/(-32)). List the prime factors of 7 + 4/8*v + 254.
257
List the prime factors of -1 + (-4)/(-6) + (-9709)/(-21).
2, 3, 7, 11
Suppose 2*w + 5*o = 11 - 10, -4*w = 4*o + 28. Let k = 87 - w. What are the prime factors of k?
3, 11
Let u(p) = 51*p + 20. Let k be u(-4). Let t = 317 + k. What are the prime factors of t?
7, 19
What are the prime factors of 3/(-21) - (-158652)/126?
1259
Let x(f) = -f**3 + 7*f**2 + 5*f - 1. Let r be x(6). Suppose 5*a = 5*v - 20, 8*a + 4*v + r = 3*a. Let q = 20 + a. List the prime factors of q.
11
Suppose -2*v = -0*v - 10. Suppose -3*p - 354 = -v*b, -b + 26 = 5*p - 28. What are the prime factors of b?
3, 23
What are the prime factors of 16/(-168) + (-5928)/(-63)?
2, 47
Let v = 19 + -19. Suppose -4*r - r + 945 = v. List the prime factors of r.
3, 7
Let l(u) = 3*u - 3. Let x be l(2). Let t be 5/3 - x/(-9). Suppose -5*f = -15, 5*f - 11 = g + t. What are the prime factors of g?
2
Let b(p) = p + 16. Let i be b(-13). Let r be 11/i + (-2)/3. What are the prime factors of ((-18)/21)/(r/(-21))?
2, 3
Let y = 37 - 35. Suppose -5*t = -4*t - y. What are the prime factors of t?
2
List the prime factors of (-176)/(-33)*(1164/8 - 3).
2, 5, 19
Let a(z) = 541*z + 8. List the prime factors of a(6).
2, 1627
Suppose 3*q + 0*w = -2*w + 22, 3*q - 2*w - 2 = 0. What are the prime factors of (-150)/q*18/(-15)?
3, 5
Let w = 46 + 38. Suppose 10*r - 14*r + w = 0. What are the prime factors of r?
3, 7
Suppose -12*b = -8*b. What are the prime factors of 14 + (-4 - (b + 0))?
2, 5
Let w(h) = h**3 - 3*h**2 + 2*h. Let n(v) = 4*v - 17. Let f be n(5). Let o be w(f). What are the prime factors of (9 - o)/(2/26)?
3, 13
Suppose 0 = w - r + 6*r - 12, 4*w - 3*r = 2. Suppose -w*c = 3 - 23. List the prime factors of c.
2, 5
Suppose -s - 5*t - 391 = -1012, 3*s + 2*t - 1902 = 0. What are the prime factors of s?
2, 3, 53
Let b = 73 + -11. Suppose 5*i = -b + 372. List the prime factors of i.
2, 31
Let q(w) = -w**2 - 1. Let z(j) = 9*j**2 - 11*j + 13. Let u(i) = 3*q(i) + z(i). List the prime factors of u(5).
3, 5, 7
Let b(v) = -8*v - 22. Suppose -4*f - 11 = 29. List the prime factors of b(f).
2, 29
Let l(z) = -27*z + 19. Let o be l(5). Let m = -55 - o. List the prime factors of m.
61
Suppose -2 = -3*s + s. Let c = -13 - -4. List the prime factors of (-3 - c) + s*3.
3
Suppose -s + 74 = 4*n - 2*n, 2*n + 3*s = 74. Suppose -35*d = -n*d + 204. List the prime factors of d.
2, 3, 17
Suppose -x + 468 = w + 3*x, 5*w - 4*x - 2268 = 0. Suppose 2*m + d = -2*d + w, -2*d = 5*m - 1118. List the prime factors of m.
2, 3, 37
Let q(i) = -2*i - 4. Let v be q(-4). Suppose -v*l + 430 = l. Suppose -3*u + l = 23. What are the prime factors of u?
3, 7
Suppose -5*k + 212 = -k. Let d = -47 + k. List the prime factors of d.
2, 3
Suppose 2*b - 16 = b - 2*w, 5*b - 5*w - 110 = 0. Let f = -17 + b. Let a(v) = 2*v**2 - 2. What are the prime factors of a(f)?
2
List the prime factors of 22/154 + (-9783)/(-21).
2, 233
Let g(o) = 7*o**2 + 7*o - 5. Let c be g(10). Suppose 0 = 5*w - 4*a + 1078, -3*w = 2*a + c - 127. List the prime factors of w/(-10) - (-6)/(-15).
3, 7
Let l(k) = k**3 - 12*k**2 - 11*k + 13. Let v be l(6). Let t = v + 156. List the prime factors of t/(-4) - 1/4.
2, 7
Suppose -2*h - 10 = -2, 5*a + 14 = -h. What are the prime factors of -48*6*a/4?
2, 3
Suppose 10*i = -2001 + 15711. List the prime factors of i.
3, 457
Let j = 0 + -2. Let b(l) = 30*l**2 + l + 4. What are the prime factors of b(j)?
2, 61
Suppose k = -2*k + 417. Let c = -94 + k. List the prime factors of c.
3, 5
Suppose 0 = 2*o - 1 - 1. Let w = -46 - o. Let l = -24 - w. What are the prime factors of l?
23
Let i(h) = 76*h - 113. List the prime factors of i(4).
191
Let j be 8/(-16) - ((-7)/2 - 1). Suppose 5*d - j*g - 655 = 0, -25 = -g - 4*g. What are the prime factors of d?
3, 5
Suppose -2*t - 18 = -5*i - 54, t - 12 = i. What are the prime factors of (378/t)/(-9)*-56?
2, 3, 7
Let x(l) = l**2 - 5*l + 22. Suppose -f = -4*s - 23, f - s - 20 = 2*s. What are the prime factors of x(f)?
2, 11
Let s = -440 + 201. Let p = -171 - s. List the prime factors of p.
2, 17
Let v = -1314 - -2301. List the prime factors of v.
3, 7, 47
Suppose -i + 2*i + 4 = 0. Let u(n) = -n**2 - 9*n + 2. What are the prime factors of u(i)?
2, 11
Suppose 0 = -4*z - 0*i - 2*i + 4, 0 = z + i - 2. Let s = -52 - -43. Let h = z - s. What are the prime factors of h?
3
Let x(c) = -2*c - 1. Let v be x(-3). Suppose -3*f - 2*f + 45 = 5*h, -4*f = -2*h + 12. Suppose b + v - h = 0. List the prime factors of b.
3
Let r(v) = -v**2 + 5*v - 2. Let a(y) = y**2 - y. Let n be a(3). Suppose -5*g + j = -22, -g + n*g - 10 = -5*j. What are the prime factors of r(g)?
2
List the prime factors of (-9)/(-27) - 508/(-6).
5, 17
List the prime factors of (-12)/(4232/1060 - 4).
2, 3, 5, 53
Suppose -3*z - 7 = -43. Let s = z + 63. What are the prime factors of s?
3, 5
Let u be (5 - 2)/(2/2). Let m(h) = -3 - 2*h**2 + 2*h - h - u*h + h**3. List the prime factors of m(4).
3, 7
Suppose -2444*f = -2452*f + 13496. What are the prime factors of f?
7, 241
What are the prime factors of 2/4 - (-174048)/64?
2, 5, 17
Suppose 0 = -100*w + 20*w + 77120. What are the prime factors of w?
2, 241
Let y(h) = 4*h + 3. Let f(x) = 32*x + 23. Let w(p) = 6*f(p) - 51*y(p). List the prime factors of w(-3).
3, 7
Let x be -332 + -2 - 2 - 0. What are the prime factors of x/(-3) + -2*(2 - 1)?
2, 5, 11
Let w(s) = 23*s**2 + 5*s + 5. Let b be ((-8)/10 - 0)/((-2)/(-5)). What are the prime factors of w(b)?
3, 29
What are the prime factors of (-4092)/(-20) + 1/(5/2)?
5, 41
Let r = 1314 - -1140. List the prime factors of r.
2, 3, 409
Suppose 4*f - f = -18. Let y = f + 8. Suppose 0 = 4*c + x - 205, 2*c - 190 = -2*c + y*x. What are the prime factors of c?
2, 5
Suppose 0 = 5*a + 3*f - 10, -3*a + 6 = -0*f - 3*f. Suppose 5*s = a*s - 15. Let y(l) = -l**3 - 2*l**2 + 8*l + 6. What are the prime factors of y(s)?
41
Let r(g) = -9*g - 6. Let y be r(-2). Let n = 8 - y. List the prime factors of (-148)/(-4) + n + 0.
3, 11
Let c(u) = 14*u + 9. Let g(a) = -29*a - 18. Let v(r) = 7*c(r) + 3*g(r). List the prime factors of v(7).
2, 43
List the prime factors of 57929/159 - (-2)/(-6).
2, 7, 13
Let f be (-7239)/(-6) + 6/(-12). Suppose f = -0*v + 4*v - 3*p, -2*v - 5*p + 616 = 0. What are the prime factors of v?
3, 101
Suppose -4*v - 4 = 4*w, 2*v + 29 = 3*w - 3*v. Suppose -5*x - 3*o + 195 = 2*o, 0 = w*o. Suppose -2*g = -x - 35. List the prime factors of g.
37
Suppose -b + 4*d + 720 = 0, -3*b + d = -2605 + 467. List the prime factors of b.
2, 89
Let h be (45/(-2))/(9/(-90)). Let u = -141 + h. What are the prime factors of u?
2, 3, 7
Let f be (-2)/(-1 + 0/2) + -2. List the prime factors of 104 - (-2 + f)/2.
3, 5, 7
Let z = 30 - 27. Suppose -4*f = x - 34 - 45, z*f = x + 61. What are the prime factors of f?
2, 5
Suppose -d + 4*z = -1061, -4*d + 0*d + 4339 = 3*z. List the prime factors of d.
23, 47
Let h(s) = s + 7. Let t = -13 - -10. Let c be h(t). Suppose -y = 2, -3*y + c*y = -4*n + 54. List the prime factors of n.
2, 7
Let z(t) = -12*t**3 - 8*t**2 - 15*t - 7. What are the prime factors of z(-4)?
3, 7, 11
Suppose 4464*c + 1975 = 4465*c. List the prime factors of c.
5, 79
Suppose -2*y - 250 = -694. Suppose -2*b + h = -247, -3*h + 7*h - y = -2*b. List the prime factors of b.
11
Suppose 4*t + 23 = -13. Let m be t/1 - (-22)/11. List the prime factors of 2*m/(-2) + 1.
2
Let r(v) = 62*v - 12. Let g be r(5). Let w = -162 + g. Suppose 3*q - 4*l - 133 = 0, 4*q + 3*l + 2*l - w = 0. List the prime factors of q.
3, 13
Let x = 269 - -69. Let y = -318 + 294. List the prime factors of (-16)/y - x/(-6).
3, 19
Suppose y - 7 = -1. Suppose -24 = 2*x - y*x. Suppose -x*o + o = -200. What are the prime factors of o?
2, 5
Suppose -4*a - a = -20. Suppose -a*d - d + 155 = 0. What are the prime factors of d?
31
Let h(l) be the second derivative 